{"id":113,"date":"2014-05-04T13:34:06","date_gmt":"2014-05-04T17:34:06","guid":{"rendered":"http:\/\/www.potagerforestierqc.org\/?page_id=113"},"modified":"2014-05-04T13:34:06","modified_gmt":"2014-05-04T17:34:06","slug":"qui-sommes-nous","status":"publish","type":"page","link":"http:\/\/www.potagerforestierqc.org\/?page_id=113","title":{"rendered":"Qui sommes-nous?"},"content":{"rendered":"<p class=\"western\" lang=\"fr-CA\"><span style=\"color: #000000;\">Le projet \u201c<\/span><span style=\"color: #000000;\"><span style=\"font-family: Arial, serif;\"><i>\u00a0<\/i><\/span><\/span><span style=\"color: #000000;\"><span style=\"font-family: Arial, serif;\"><i><b>Au coin de ma rue, une for\u00eat qui nourrit<\/b><\/i><\/span><\/span><span style=\"color: #000000;\">\u00a0\u201d\u00a0<\/span><span style=\"color: #000000;\">est l&rsquo;initiative d&rsquo;un groupe de citoyens et citoyennes de la r\u00e9gion de Qu\u00e9bec ayant pour objectif l\u2019implantation de For\u00eats nourrici\u00e8res dans des secteurs habit\u00e9s de la r\u00e9gion. Les membres de ce groupe, tous b\u00e9n\u00e9voles, sont particuli\u00e8rement pr\u00e9occup\u00e9s par\u00a0:<\/span><\/p>\n<ul>\n<li><span style=\"font-family: Cambria, serif;\"><span style=\"font-family: Arial, serif;\"><span lang=\"fr-CA\">la volont\u00e9 et la capacit\u00e9 de la population locale de prot\u00e9ger et de valoriser les espaces verts, en particulier les arbres pour l&rsquo;am\u00e9lioration de la qualit\u00e9 de vie;<\/span><\/span><\/span><\/li>\n<li><span style=\"font-family: Cambria, serif;\"><span style=\"font-family: Arial, serif;\"><span lang=\"fr-CA\">l\u2019urgence pour les communaut\u00e9s de se donner les moyens de produire localement des aliments sains, vari\u00e9s et ais\u00e9ment accessibles pour tous et toutes;<\/span><\/span><\/span><\/li>\n<li><span style=\"font-family: Cambria, serif;\"><span style=\"font-family: Arial, serif;\"><span lang=\"fr-CA\">l\u2018importance de mettre sur pied des activit\u00e9s agro-arboricoles contribuant au d\u00e9veloppement d&rsquo;un esprit communautaire, de partage et d&rsquo;entraide.<\/span><\/span><\/span><\/li>\n<\/ul>\n<h3 class=\"western\" lang=\"fr-CA\"><strong>Notre vision<\/strong><\/h3>\n<p class=\"western\" lang=\"fr-CA\">Face \u00e0 l&rsquo;urgence de doter nos milieux de vie d\u2019espaces verts bien int\u00e9gr\u00e9s et pouvant r\u00e9pondre \u00e0 plusieurs besoins tant sur le plan humain (alimentation, \u00e9ducation, solidarit\u00e9 sociale, &#8230;) que sur le plan environnemental (protection des milieux, biodiversit\u00e9, qualit\u00e9 de l&rsquo;environnement, \u2026), nous proposons l&rsquo;implantation d&rsquo;un potager-forestier de proximit\u00e9.<\/p>\n<p class=\"western\" lang=\"fr-CA\">Le projet <em>Au coin de ma rue, une for\u00eat qui nourrit<\/em> vise \u00e0 d\u00e9montrer concr\u00e8tement la possibilit\u00e9 de se nourrir de v\u00e9g\u00e9taux diversifi\u00e9s et sains au niveau local en utilisant les principes de la permaculture dans la mise en place et l&rsquo;entretien d&rsquo;une for\u00eat nourrici\u00e8re. Les aliments produits seront disponibles aux citoyens et groupes communautaires invit\u00e9s \u00e0 venir r\u00e9colter lors d&rsquo;activit\u00e9s de r\u00e9colte planifi\u00e9es selon la maturit\u00e9 des fruits et noix.<\/p>\n<p>Le projet <em>Au coin de ma rue, une for\u00eat qui nourrit<\/em> se veut une alternative viable, locale et saine de production d&rsquo;aliments.<\/p>\n<p>&nbsp;<\/p>\n","protected":false},"excerpt":{"rendered":"<p>Le projet \u201c\u00a0Au coin de ma rue, une for\u00eat qui nourrit\u00a0\u201d\u00a0est l&rsquo;initiative d&rsquo;un groupe de citoyens et citoyennes de la r\u00e9gion de Qu\u00e9bec ayant pour objectif l\u2019implantation de For\u00eats nourrici\u00e8res dans des secteurs habit\u00e9s de la r\u00e9gion. Les membres de &hellip; <a href=\"http:\/\/www.potagerforestierqc.org\/?page_id=113\">Continuer la lecture <span class=\"meta-nav\">&rarr;<\/span><\/a><\/p>\n","protected":false},"author":1,"featured_media":0,"parent":0,"menu_order":0,"comment_status":"closed","ping_status":"open","template":"","meta":[],"_links":{"self":[{"href":"http:\/\/www.potagerforestierqc.org\/index.php?rest_route=\/wp\/v2\/pages\/113"}],"collection":[{"href":"http:\/\/www.potagerforestierqc.org\/index.php?rest_route=\/wp\/v2\/pages"}],"about":[{"href":"http:\/\/www.potagerforestierqc.org\/index.php?rest_route=\/wp\/v2\/types\/page"}],"author":[{"embeddable":true,"href":"http:\/\/www.potagerforestierqc.org\/index.php?rest_route=\/wp\/v2\/users\/1"}],"replies":[{"embeddable":true,"href":"http:\/\/www.potagerforestierqc.org\/index.php?rest_route=%2Fwp%2Fv2%2Fcomments&post=113"}],"version-history":[{"count":1,"href":"http:\/\/www.potagerforestierqc.org\/index.php?rest_route=\/wp\/v2\/pages\/113\/revisions"}],"predecessor-version":[{"id":114,"href":"http:\/\/www.potagerforestierqc.org\/index.php?rest_route=\/wp\/v2\/pages\/113\/revisions\/114"}],"wp:attachment":[{"href":"http:\/\/www.potagerforestierqc.org\/index.php?rest_route=%2Fwp%2Fv2%2Fmedia&parent=113"}],"curies":[{"name":"wp","href":"https:\/\/api.w.org\/{rel}","templated":true}]}}