{"id":7,"date":"2014-04-25T19:59:35","date_gmt":"2014-04-25T23:59:35","guid":{"rendered":"http:\/\/www.potagerforestierqc.org\/?page_id=7"},"modified":"2014-08-21T09:54:57","modified_gmt":"2014-08-21T13:54:57","slug":"accueil","status":"publish","type":"page","link":"http:\/\/www.potagerforestierqc.org\/","title":{"rendered":"Accueil"},"content":{"rendered":"<p><span lang=\"fr-CA\">Le but de notre groupe est de vous soutenir dans la conception et la plantation de for\u00eats nourrici\u00e8res (potagers-forestiers) dans vos communaut\u00e9s. Par ceci nous souhaitons que votre communaut\u00e9 puisse r\u00e9habiliter et transformer son environnement\u00a0<\/span><span lang=\"fr-CA\">en un paradis d\u2019abondance autant pour vos yeux que pour votre estomac.<\/span><\/p>\n<p class=\"western\">Rejoignez-nous dans la r\u00e9g\u00e9n\u00e9ration de vos milieux de vie en contribuant \u00e0 r\u00e9aliser des \u00e9cosyst\u00e8mes forestiers comestibles. Ce faisant, vous contribuerez \u00e0 l\u2019embellissement de votre quartier, \u00e0 la r\u00e9duction des effets des \u00eelots de chaleur, \u00e0 l\u2019accroissement de la biodiversit\u00e9, \u00e0 votre souverainet\u00e9 alimentaire et ainsi, \u00e0 la qualit\u00e9 de vie de toutes les esp\u00e8ces vivantes.<\/p>\n<p class=\"western\">Votre implication individuelle ou en groupe au d\u00e9veloppement de potagers-forestiers dans votre quartier ou votre localit\u00e9 fera sans aucun doute la diff\u00e9rence pour vous et vos proches\u2026 et nous vous y aiderons.<\/p>\n<p class=\"western\" style=\"text-align: left;\">\u00a0 \u00a0 \u00a0\u00a0<a href=\"http:\/\/www.potagerforestierqc.org\/wp-content\/uploads\/2014\/04\/Image-Potagers-Forestiers2.png\"><img loading=\"lazy\" class=\"alignnone size-full wp-image-47\" src=\"http:\/\/www.potagerforestierqc.org\/wp-content\/uploads\/2014\/04\/Image-Potagers-Forestiers2.png\" alt=\"Image Potagers-Forestiers2\" width=\"480\" height=\"360\" srcset=\"http:\/\/www.potagerforestierqc.org\/wp-content\/uploads\/2014\/04\/Image-Potagers-Forestiers2.png 480w, http:\/\/www.potagerforestierqc.org\/wp-content\/uploads\/2014\/04\/Image-Potagers-Forestiers2-300x225.png 300w\" sizes=\"(max-width: 480px) 100vw, 480px\" \/><\/a><\/p>\n<p class=\"western\" lang=\"fr-FR\">\n","protected":false},"excerpt":{"rendered":"<p>Le but de notre groupe est de vous soutenir dans la conception et la plantation de for\u00eats nourrici\u00e8res (potagers-forestiers) dans vos communaut\u00e9s. Par ceci nous souhaitons que votre communaut\u00e9 puisse r\u00e9habiliter et transformer son environnement\u00a0en un paradis d\u2019abondance autant pour &hellip; <a href=\"http:\/\/www.potagerforestierqc.org\/\">Continuer la lecture <span class=\"meta-nav\">&rarr;<\/span><\/a><\/p>\n","protected":false},"author":1,"featured_media":0,"parent":0,"menu_order":0,"comment_status":"closed","ping_status":"open","template":"","meta":[],"_links":{"self":[{"href":"http:\/\/www.potagerforestierqc.org\/index.php?rest_route=\/wp\/v2\/pages\/7"}],"collection":[{"href":"http:\/\/www.potagerforestierqc.org\/index.php?rest_route=\/wp\/v2\/pages"}],"about":[{"href":"http:\/\/www.potagerforestierqc.org\/index.php?rest_route=\/wp\/v2\/types\/page"}],"author":[{"embeddable":true,"href":"http:\/\/www.potagerforestierqc.org\/index.php?rest_route=\/wp\/v2\/users\/1"}],"replies":[{"embeddable":true,"href":"http:\/\/www.potagerforestierqc.org\/index.php?rest_route=%2Fwp%2Fv2%2Fcomments&post=7"}],"version-history":[{"count":11,"href":"http:\/\/www.potagerforestierqc.org\/index.php?rest_route=\/wp\/v2\/pages\/7\/revisions"}],"predecessor-version":[{"id":118,"href":"http:\/\/www.potagerforestierqc.org\/index.php?rest_route=\/wp\/v2\/pages\/7\/revisions\/118"}],"wp:attachment":[{"href":"http:\/\/www.potagerforestierqc.org\/index.php?rest_route=%2Fwp%2Fv2%2Fmedia&parent=7"}],"curies":[{"name":"wp","href":"https:\/\/api.w.org\/{rel}","templated":true}]}}

<p><span lang="fr-CA">Le but de notre groupe est de vous soutenir dans la conception et la plantation de forêts nourricières (potagers-forestiers) dans vos communautés. Par ceci nous souhaitons que votre communauté puisse réhabiliter et transformer son environnement </span><span lang="fr-CA">en un paradis d’abondance autant pour vos yeux que pour votre estomac.</span></p>
<p class="western">Rejoignez-nous dans la régénération de vos milieux de vie en contribuant à réaliser des écosystèmes forestiers comestibles. Ce faisant, vous contribuerez à l’embellissement de votre quartier, à la réduction des effets des îlots de chaleur, à l’accroissement de la biodiversité, à votre souveraineté alimentaire et ainsi, à la qualité de vie de toutes les espèces vivantes.</p>
<p class="western">Votre implication individuelle ou en groupe au développement de potagers-forestiers dans votre quartier ou votre localité fera sans aucun doute la différence pour vous et vos proches… et nous vous y aiderons.</p>
<p class="western" style="text-align: left;">      <a href="http://www.potagerforestierqc.org/wp-content/uploads/2014/04/Image-Potagers-Forestiers2.png"><img loading="lazy" class="alignnone size-full wp-image-47" src="http://www.potagerforestierqc.org/wp-content/uploads/2014/04/Image-Potagers-Forestiers2.png" alt="Image Potagers-Forestiers2" width="480" height="360" srcset="http://www.potagerforestierqc.org/wp-content/uploads/2014/04/Image-Potagers-Forestiers2.png 480w, http://www.potagerforestierqc.org/wp-content/uploads/2014/04/Image-Potagers-Forestiers2-300x225.png 300w" sizes="(max-width: 480px) 100vw, 480px" /></a></p>
<p class="western" lang="fr-FR">

<p>Le but de notre groupe est de vous soutenir dans la conception et la plantation de forêts nourricières (potagers-forestiers) dans vos communautés. Par ceci nous souhaitons que votre communauté puisse réhabiliter et transformer son environnement en un paradis d’abondance autant pour &hellip; <a href="http://www.potagerforestierqc.org/">Continuer la lecture <span class="meta-nav">&rarr;</span></a></p>
